 d*q - 0*q. Let p = 48 - i. What is the remainder when p is divided by 13?
8
Suppose -21 = 2*l + 11. Let a = -4 - l. Let y = 28 + -7. Calculate the remainder when y is divided by a.
9
Let d be (3 + -2)/(-3 - -4). Suppose 4*g = a + 8, d = 3*g - 0*a - 2*a. What is the remainder when (27 + 0/g)*3 is divided by 21?
18
Suppose 5*v = 4*q - 8, -v + 2*q + 2*q - 8 = 0. Suppose -4*d - 36 = -4*s, v*d = -4*d - 16. What is the remainder when 6 is divided by (12/(-20))/((-1)/s)?
0
Let m = -36 - -52. Let h = 39 - m. Let b = 93 + -50. Calculate the remainder when b is divided by h.
20
Let m(x) = -125*x - 489. What is the remainder when 76 is divided by m(-4)?
10
Suppose -l + 19 + 24 = -2*a, -2*l + 50 = 5*a. Let f = -6 - -6. Suppose f = -d + 4*i + 83, i + 323 = 4*d + 51. What is the remainder when d is divided by l?
32
Let h = 366 - 344. Calculate the remainder when 83 is divided by h.
17
Let z be (2/4 - -1)*(17 - -9). Let a = -26 + z. What is the remainder when -3*(-2)/(-6)*-49 is divided by a?
10
Suppose -13*q + 10*q + 306 = 0. Suppose 18*g + q = 24*g. Calculate the remainder when 48 is divided by g.
14
Suppose 0 = 23*o + 249 - 893. Suppose 2*j + 0*j + 3*g - 121 = 0, -5*j + 5*g + 240 = 0. Calculate the remainder when j is divided by o.
25
What is the remainder when 228/608 + 613/8 is divided by 13?
12
Let x(r) = r**2 + 2*r - 3. Let b be x(-3). Suppose z - 3 - 4 = b. Calculate the remainder when 17 is divided by 84/z + 1*-3.
8
Suppose -144*n + 66 = -143*n. Calculate the remainder when n is divided by 5.
1
Suppose -6*s = -4*s - 10. Let l(n) = n**3 - 4*n**2 - 4*n - 3. Let j be l(s). Suppose -32 = -t - j. What is the remainder when t is divided by 8?
6
Suppose 5*g - 55 = 5*r, -r = 2*g - 5*g + 31. What is the remainder when (-7 - -6)*(-5 + -4 + -30) is divided by g?
9
Suppose 36 = 4*k - 5*v - 7, 4*k - 13 = -5*v. Let u(b) = b**2 - 2*b - 23. What is the remainder when 17 is divided by u(k)?
5
Suppose 151*q - 1415 = 146*q. What is the remainder when q is divided by 57?
55
Suppose -2*r + 0 = -4. Suppose r = -3*w + 11. Suppose -5*v = 3*m - m - 78, 0 = -w*v + 2*m + 34. What is the remainder when 55 is divided by v?
13
Suppose 4*m - 384 = -4*w, -14*m - 352 = -4*w - 10*m. Calculate the remainder when 269 is divided by w.
85
Calculate the remainder when 3/(-2 - ((-535)/53)/5) is divided by 33.
27
Let i = -5948 + 5979. Suppose 4*c - 583 = -5*y, 0*y + 3*c = -3*y + 348. Calculate the remainder when y is divided by i.
26
Let g be 22 + 1/(-1 + 2). Let n = g - -1. What is the remainder when n is divided by 13?
11
Suppose -p - 4*n = -4*p + 29, -4*p - 3 = 3*n. Calculate the remainder when (21/2 - p)*4/3 is divided by 5.
0
Let l = -25 + 28. Suppose 5*q - n - n = 204, 0 = l*q - 3*n - 126. Suppose -4*p + 75 = 3*z, 4*z + 33 = -p + 2*p. Calculate the remainder when q is divided by p.
19
Suppose 7*m = 26*m - 950. Calculate the remainder when m is divided by 39.
11
Suppose 0 = -40*y + 43*y - 681. What is the remainder when y is divided by 23?
20
Suppose -78 = -8*k + 274. What is the remainder when 140 is divided by k?
8
Let p(s) = 10*s**2 + 15*s + 18. What is the remainder when 238 is divided by p(-3)?
49
Suppose -261 + 153 = -4*v - 2*j, -5*j - 60 = -v. Suppose -3*o + 62 = -103. Calculate the remainder when o is divided by v.
25
Calculate the remainder when (-80)/(-1320) + (-361)/(-33) is divided by 5.
1
Let z(w) = 11*w - 13. What is the remainder when z(18) is divided by 47?
44
Suppose -4*h + 4*l = -144, 16*h + l = 11*h + 210. What is the remainder when h is divided by 21?
20
Let o = -4 - -5. Suppose -o - 1 = -b. Suppose m = -b*u + 70, -2*m + u + 110 = -u. What is the remainder when m is divided by 31?
29
Calculate the remainder when 32 is divided by 7200/1050 - (6/7 + -1).
4
Let g(v) = 3*v - 1. Let l be g(1). Suppose -l*i + 32 = -0*u + u, 4*u = 3*i - 48. What is the remainder when 4/22 - (-7 - 2912/77) is divided by i?
13
Suppose 26 + 34 = 4*l. Calculate the remainder when (52/(-5))/((-8)/20) is divided by l.
11
Suppose -104 = 111*i - 115*i. What is the remainder when 0 - (22 + 2)*-2 is divided by i?
22
Let l(f) = -f**2 - 6*f + 10. Let a be l(-9). Suppose 0 = -3*r + 15, 3*r - 7*r = 2*k - 4. Let y = k - a. What is the remainder when y is divided by 4?
1
Let g = -2782 - -4353. What is the remainder when g is divided by 13?
11
What is the remainder when 1/2*10 + 16644/19 is divided by 291?
8
Calculate the remainder when (268/(-469))/((-4)/1498) is divided by 31.
28
Let q(g) = g**3 - 4*g**2 - 18*g + 6. What is the remainder when (4 + -5)/((-2)/206) is divided by q(7)?
22
Let c(z) = 25*z + 31. Calculate the remainder when 25 is divided by c(-1).
1
Suppose -6 = -w + 29. Suppose -45 = -9*r, -20*r + 17*r = -3*p + 393. What is the remainder when p is divided by w?
31
Let p be -3 + 2 + 9 + 1. Suppose -123 + p = -3*r. Calculate the remainder when r is divided by 10.
8
Let h be 16/10*(8 - -52). Suppose 4*u + h = 10*u. Calculate the remainder when 94 is divided by u.
14
Suppose -a - 3*g = a - 23, 4*g - 24 = -2*a. What is the remainder when a*((-6)/(-4))/(12/44) is divided by 28?
27
What is the remainder when (-4)/(((-5)/160)/1) is divided by 13?
11
Suppose -s + 4 = -0. Suppose -g - 5*j + 20 = 0, -s*g + j + 1 = -58. Suppose -4*w - 21 = -121. Calculate the remainder when w is divided by g.
10
Suppose -5*o + 16 = -14. Suppose 12*t - o = 6. What is the remainder when t is divided by 1?
0
Let o(b) = 9*b**2 + 3*b - 7. Suppose 3*s - u - 15 = 3*u, 3*u = s. Calculate the remainder when o(-2) is divided by s.
5
Let f = 332 - 167. Let j = f - 101. Calculate the remainder when j is divided by 11.
9
Let a(v) = -v**3 - 22*v + 277. Calculate the remainder when a(0) is divided by 56.
53
Let f = 67 + -3. Suppose 5*g + 3*p - 160 = 4*p, -2*g - 5*p + f = 0. What is the remainder when g is divided by 7?
4
Let n = 81 - 245. Let a = 191 + -207. Calculate the remainder when 17 is divided by n/a - (-3)/(-12).
7
Let w = -60 - -147. Suppose 2*j = w - 55. Calculate the remainder when 28 is divided by j.
12
Let r(n) = -3*n - 3. Let j be r(-2). Suppose -z = -j*z + 12. What is the remainder when z is divided by 6?
0
Suppose -5*d - 10 = -20. Let f(z) = -4 + 13*z + 2 - 5*z. Calculate the remainder when f(d) is divided by 4.
2
Calculate the remainder when (-4)/(-12)*-2*195/(-2) is divided by 3/(6/(-17))*-2.
14
Suppose -g = -1012 + 1001. Calculate the remainder when 283 is divided by g.
8
Suppose -5*v + 4*k = 50, -5*k - 20 = 2*v - 0*k. Let l(c) = c**2 - 7*c - 1. Let o be l(10). Let t = o + v. What is the remainder when 36 is divided by t?
17
Suppose -2*v - 6 = v. Let d(s) = s**3 + 2*s**2 - 2*s - 1. Let z be d(v). What is the remainder when 16 is divided by 26/z - (-1)/3?
7
Let c = 1309 - 1241. Calculate the remainder when c is divided by 39.
29
Suppose 36 + 144 = 3*p + k, 2*p - 130 = -4*k. Calculate the remainder when 293 is divided by p.
57
Let g(x) = 2*x**2 - x - 2. Calculate the remainder when 948 is divided by g(3).
12
Let g(t) = 3*t**2 - 3*t - 8. What is the remainder when g(-11) is divided by 17?
14
What is the remainder when 223 is divided by 19 + -21 + (106 - -3)?
9
Suppose -4*m = -2*q - 122, 20 = m - q + 4*q. Let n = 10 + 7. What is the remainder when m is divided by n?
12
What is the remainder when 191 is divided by (6/9)/(20/1920)?
63
Suppose 25 = -5*y, y - 38 = -x + 18. What is the remainder when x is divided by 135/(-405) - (104/(-6) - -1)?
13
Suppose -2*g = -90 - 58. Suppose -5*q = 5*l - 90, -5*l + 6*q = 7*q - 94. Calculate the remainder when g is divided by l.
17
Let l(o) = -14*o**2 - 4*o + 5. Let n be l(-4). Let q = 339 + n. Suppose -m + 5*m = q. Calculate the remainder when m is divided by 9.
7
Let b = -11 + 10. What is the remainder when 52 + 1 - (-2 + 3)*b is divided by 11?
10
Let x(y) = -18 - 11 + y**2 + 0*y + 5 - 6*y. Calculate the remainder when x(12) is divided by 13.
9
Suppose -5*a = -0*a. Let p(r) = 0*r**3 - 7 + 12 - 2*r + a*r - 7*r**2 - r**3. What is the remainder when p(-8) is divided by 22?
19
Let h(d) = 2*d**2 - 6*d - 7. Let n be 0 + 4 + -3 - -8. Calculate the remainder when h(n) is divided by 26.
23
Suppose 0 = -4*q - 2*c + 360, -53 = -2*q + 4*c + 107. Suppose 49*k = 45*k + q. What is the remainder when 85 is divided by k?
19
Let w(t) = -2*t - 2. Let i be 6 + -8 - 8/2. What is the remainder when -